{"id":16916,"date":"2019-09-06T10:03:00","date_gmt":"2019-09-06T10:03:00","guid":{"rendered":"http:\/\/arminloeblein.de\/?page_id=16916"},"modified":"2019-09-06T10:05:50","modified_gmt":"2019-09-06T10:05:50","slug":"datenschutz","status":"publish","type":"page","link":"http:\/\/arminloeblein.de\/?page_id=16916","title":{"rendered":"Datenschutz"},"content":{"rendered":"<div class=\"vgblk-rw-wrapper limit-wrapper\"><h4>\n\tDatenschutz\n\t<\/h4>\n<h3>Datenschutz<\/h3>\n<section>\nHier finden Sie Informationen \u00fcber den Umgang mit Ihren personenbezogenen Daten beim Besuch unserer Website. Zur Bereitstellung der Funktionen und Dienste unserer Website ist es erforderlich, dass wir personenbezogene Daten \u00fcber Sie erheben. Nachfolgend erkl\u00e4ren wir, welche Daten wir \u00fcber Sie erheben, wozu dies erforderlich ist, und welche Rechte Sie in Bezug auf Ihre Daten haben.\nVerantwortlich f\u00fcr die Verarbeitung von personenbezogenen Daten auf dieser Website ist (vgl. <a title=\"Impressum\" href=\"http:\/\/www.unicornad.com\/impressum\">Impressum<\/a>):\n<strong>Armin L\u00f6blein<\/strong><br \/>\nWeihnachtsb\u00e4ume und Landschaftspflege\n<strong>Gesch\u00e4ftsf\u00fchrer:<\/strong><br \/>\nArmin L\u00f6blein\n<strong>Anschrift:\u00a0<\/strong><br \/>\nLindenweg 7 a<br \/>\n97785 Mittelsinn<br \/>\nDeutschland, Bayern\n<strong>Kontakt:<\/strong><br \/>\nTelefon: 09356 6581<br \/>\nE-Mail: info@arminloeblein.de\nSie k\u00f6nnen sich bei Fragen zum Datenschutz auch jederzeit unter info@arminloeblein.de an unseren Datenschutzbeauftragten wenden.\n<strong>Informatorische Nutzung<\/strong>\nWenn Sie diese Website nutzen, ohne anderweitig (z.B. durch Registrierung oder Nutzung des Kontaktformulars) Daten an uns zu \u00fcbermitteln, erheben wir nur technisch notwendige Daten, die automatisch an unseren Server \u00fcbermittelt werden (z.B. IP-Adresse, Datum und Uhrzeit der Anfrage, Browsertyp und Betriebssystem). Dies ist technisch erforderlich, um Ihnen unsere Website anzeigen zu k\u00f6nnen. Soweit davon personenbezogene Daten betroffen sind, ist Art. 6 Abs. 1 lit. f DSGVO Rechtsgrundlage f\u00fcr die Erhebung.\n<strong>\u00a0<\/strong>\n<strong>Verwendung von Cookies<\/strong>\nWir verwenden Cookies, um die Benutzung unserer Website zu erleichtern und zu verbessern. Cookies sind Textinformationen, die beim Besuch einer Website \u00fcber den Webbrowser auf einem Computer gespeichert werden. Dies dient der Wiedererkennung einer Sitzung, beispielsweise beim dauerhaften Login auf einer Website oder bei der Warenkorbfunktion eines Online-Shops.\nDie meisten Webbrowser akzeptieren Cookies automatisch. Gespeicherte Cookies k\u00f6nnen Sie jederzeit \u00fcber die Einstellungen Ihres Webbrowsers l\u00f6schen. Sie k\u00f6nnen auch die Einstellungen Ihres Webbrowsers so anpassen, dass keine Cookies gespeichert werden. Dann sind unter Umst\u00e4nden nicht alle Funktionen unserer Website verf\u00fcgbar.\n<strong>\u00a0<\/strong>\n<strong>Kontaktformular<\/strong>\nAuf unserer Website k\u00f6nnen Sie \u00fcber ein Kontaktformular personenbezogene Daten eingeben. Wenn Sie das Kontaktformular nutzen, erheben und speichern wir die Daten, die Sie in die Eingabemaske eingeben (z.B. Nachname, Vorname, E-Mail-Adresse). Eine Weitergabe an Dritte findet nicht statt.\nRechtsgrundlage f\u00fcr die Verarbeitung ist im Falle einer Einwilligung Art. 6 Abs. 1 lit. a DSGVO. Dient Ihre Anfrage der Vorbereitung eines Vertragsabschlusses ist Art. 6 Abs. 1 lit. b DSGVO zus\u00e4tzliche Rechtsgrundlage. Die Daten verwenden wir ausschlie\u00dflich, um Ihre Anfrage zu bearbeiten und zu beantworten.\n<p><strong>\u00a0<\/strong><\/p>\n<strong>Bewerbungsm\u00f6glichkeit<br \/>\n<\/strong>\n<p>Sie k\u00f6nnen sich auf unserer Website bewerben. Wenn Sie sich bewerben, erheben und speichern wir die Daten, die Sie in die Eingabemaske eingeben. Eine Weitergabe findet nicht statt. Die Nutzung der Bewerbungsfunktion ist nur mit Ihrer Einwilligung m\u00f6glich. Rechtsgrundlage f\u00fcr die Verarbeitung ist Art. 6 Abs. 1 lit. a DSGVO. Die Erhebung der Bewerbungsdaten dient ausschlie\u00dflich der Bearbeitung Ihrer Bewerbung.<\/p>\n<p><strong>\u00a0<\/strong><\/p>\n<p><strong>Kommentarfunktion<\/strong><\/p>\n<p>Auf unserer Website bzw. dem Blog un Newsteil k\u00f6nnen Sie Beitr\u00e4ge kommentieren. Wenn Sie einen Beitrag kommentieren, erheben und speichern wir die Daten, die Sie in die Eingabemaske eingeben (z.B. Nachname, Vorname, E-Mail-Adresse). Eine Weitergabe an Dritte findet nicht statt. Rechtsgrundlage f\u00fcr die Verarbeitung ist im Falle einer Einwilligung Art. 6 Abs. 1 lit. a DSGVO. Die Erhebung der Daten dient der Durchsetzung unserer Kommentierungs-Regeln.<\/p>\n<p>&nbsp;<\/p>\n<strong>Newsletter<br \/>\n<\/strong>\n<p>Auf unserer Website k\u00f6nnen Sie einen Newsletter abonnieren. Wenn Sie den Newsletter abonnieren, erheben und speichern wir die Daten, die Sie in die Eingabemaske eingeben (z.B. Nachname, Vorname, E-Mail-Adresse). Eine Weitergabe an Dritte findet nicht statt. Das Abonnement des Newsletters ist nur mit Ihrer Einwilligung m\u00f6glich. Rechtsgrundlage f\u00fcr die Verarbeitung ist Art. 6 Abs. 1 lit. a DSGVO. Die Daten verwenden wir ausschlie\u00dflich f\u00fcr den Versand von Newslettern.<\/p>\n<p>&nbsp;<\/p>\n<p><strong>Speicherdauer<\/strong><\/p>\nWir verarbeiten und speichern Ihre Daten nur so lange, wie dies f\u00fcr die Verarbeitung oder zur Einhaltung gesetzlicher Pflichten erforderlich ist. Nach Wegfall des Verarbeitungszwecks werden Ihre Daten gesperrt oder gel\u00f6scht. Sofern dar\u00fcber hinaus gesetzliche Pflichten zur Speicherung bestehen, sperren oder l\u00f6schen wir Ihre Daten mit Ablauf der gesetzlichen Speicherfristen.\n<strong>\u00a0<\/strong>\n<strong>Ihre Rechte<\/strong>\nSie haben bez\u00fcglich der Sie betreffenden personenbezogenen Daten folgende gesetzliche Rechte gegen\u00fcber uns:\n<ol>\n<li>Auskunftsrecht<br \/>\nSie haben als betroffene Person das Recht, eine Best\u00e4tigung dar\u00fcber zu verlangen, ob wir personenbezogene Daten verarbeiten, die Sie betreffen. Ist dies der Fall, so haben Sie das Recht auf Auskunft \u00fcber diese personenbezogenen Daten sowie auf weitere Informationen, z.B. die Verarbeitungszwecke, die Empf\u00e4nger und die geplante Dauer der Speicherung bzw. die Kriterien f\u00fcr die Festlegung der Dauer.<\/li>\n<li>Recht auf Berichtigung und Vervollst\u00e4ndigung<br \/>\nSie haben als betroffene Person das Recht, unverz\u00fcglich die Berichtigung unrichtiger Daten zu verlangen. Unter Ber\u00fccksichtigung der Zwecke der Verarbeitung haben Sie das Recht, die Vervollst\u00e4ndigung unvollst\u00e4ndiger Daten zu verlangen.<\/li>\n<li>Recht auf L\u00f6schung (\u201eRecht auf Vergessenwerden\u201c)<br \/>\nSie haben als betroffene Person ein Recht zur L\u00f6schung, soweit die Verarbeitung nicht erforderlich ist. Dies ist beispielsweise der Fall, wenn Ihre Daten f\u00fcr die urspr\u00fcnglichen Zwecke nicht mehr notwendig sind, sie Ihre datenschutzrechtliche Einwilligungserkl\u00e4rung widerrufen haben oder die Daten unrechtm\u00e4\u00dfig verarbeitet wurden.<\/li>\n<li>Recht auf Einschr\u00e4nkung der Verarbeitung<br \/>\nSie haben als betroffene Person ein Recht auf Einschr\u00e4nkung der Verarbeitung, z.B. wenn Sie der Meinung sind, die personenbezogenen Daten seien unrichtig.<\/li>\n<li>Recht auf Daten\u00fcbertragbarkeit<br \/>\nSie haben als betroffene Person das Recht, die Sie betreffenden personenbezogenen Daten in einem strukturierten, g\u00e4ngigen und maschinenlesbaren Format zu erhalten.<\/li>\n<li>Widerspruchsrecht<br \/>\nSie haben als betroffene Person das Recht, jederzeit aus Gr\u00fcnden, die sich aus Ihrer besonderen Situation ergeben, gegen die Verarbeitung bestimmter Sie betreffender personenbezogener Daten Widerspruch einzulegen.<br \/>\nIm Falle von Direktwerbung haben Sie als betroffene Person das Recht, jederzeit Widerspruch gegen die Verarbeitung Sie betreffender personenbezogener Daten zum Zwecke derartiger Werbung einzulegen; dies gilt auch f\u00fcr das Profiling, soweit es mit solcher Direktwerbung in Verbindung steht.<\/li>\n<li>Recht auf Widerruf Ihrer datenschutzrechtlichen Einwilligung<br \/>\nSie k\u00f6nnen eine Einwilligung in die Verarbeitung Ihrer personenbezogenen Daten jederzeit mit Wirkung f\u00fcr die Zukunft widerrufen. Die Rechtm\u00e4\u00dfigkeit der bis zum Widerruf erfolgten Verarbeitung wird davon jedoch nicht ber\u00fchrt.<\/li>\n<\/ol>\n<p>Au\u00dferdem k\u00f6nnen Sie jederzeit Beschwerde bei einer Datenschutzaufsichtsbeh\u00f6rde einlegen, wenn Sie der Meinung sind, dass die Datenverarbeitung nicht im Einklang mit datenschutzrechtlichen Vorschriften steht.<\/p>\n<p>&nbsp;<\/p>\n<strong>Google Analytics<\/strong>\nWir verwenden Google Analytics, um die Nutzung unserer Website analysieren und verbessern zu k\u00f6nnen.\nGoogle Analytics ist ein Webanalysedienst der Google Inc. (&#8222;Google&#8220;). Google Analytics verwendet sog. &#8222;Cookies&#8220;, Textdateien, die auf Ihrem Computer gespeichert werden und die eine Analyse der Benutzung der Website durch Sie erm\u00f6glichen. Die durch das Cookie erzeugten Informationen \u00fcber Ihre Benutzung dieser Website werden in der Regel an einen Server von Google in den USA \u00fcbertragen und dort gespeichert. Im Falle der Aktivierung der IP-Anonymisierung auf dieser Webseite, wird Ihre IP-Adresse von Google jedoch innerhalb von Mitgliedstaaten der Europ\u00e4ischen Union oder in anderen Vertragsstaaten des Abkommens \u00fcber den Europ\u00e4ischen Wirtschaftsraum zuvor gek\u00fcrzt. Nur in Ausnahmef\u00e4llen wird die volle IP-Adresse an einen Server von Google in den USA \u00fcbertragen und dort gek\u00fcrzt. Im Auftrag des Betreibers dieser Website wird Google diese Informationen benutzen, um Ihre Nutzung der Website auszuwerten, um Reports \u00fcber die Websiteaktivit\u00e4ten zusammenzustellen und um weitere mit der Websitenutzung und der Internetnutzung verbundene Dienstleistungen gegen\u00fcber dem Websitebetreiber zu erbringen.\nDie im Rahmen von Google Analytics von Ihrem Browser \u00fcbermittelte IP-Adresse kann mit anderen Daten von Google zusammengef\u00fchrt werden.\nSie k\u00f6nnen die Speicherung der Cookies durch eine entsprechende Einstellung Ihrer Browser-Software verhindern; wir weisen Sie jedoch darauf hin, dass Sie in diesem Fall gegebenenfalls nicht s\u00e4mtliche Funktionen dieser Website vollumf\u00e4nglich werden nutzen k\u00f6nnen. Sie k\u00f6nnen dar\u00fcber hinaus die Erfassung der durch das Cookie erzeugten und auf Ihre Nutzung der Website bezogenen Daten (inkl. Ihrer IP-Adresse) an Google sowie die Verarbeitung dieser Daten durch Google verhindern, indem sie das unter dem folgenden Link verf\u00fcgbare Browser-Plugin herunterladen und installieren: <a href=\"http:\/\/tools.google.com\/dlpage\/gaoptout?hl=de\">http:\/\/tools.google.com\/dlpage\/gaoptout?hl=de<\/a>\nGoogle nimmt an dem EU-US Privacy Shield teil, <a href=\"https:\/\/www.privacyshield.gov\/EU-US-Framework\">https:\/\/www.privacyshield.gov\/EU-US-Framework<\/a>. Damit besteht auch in den Ausnahmef\u00e4llen, in denen Google personenbezogene Daten in die USA \u00fcbertr\u00e4gt, ein angemessenes Datenschutzniveau.\nRechtsgrundlage f\u00fcr die Verarbeitung von Daten mit Hilfe von Google Analytics ist Art. 6 Abs. 1 S. 1 lit. f DS-GVO.\nInformationen \u00fcber den Drittanbieter: Google Dublin, Google Ireland Ltd., Gordon House, Barrow Street, Dublin 4, Ireland, Fax: +353 (1) 436\u20091001\nN\u00e4here Informationen zu den Nutzungsbedingungen: <a href=\"http:\/\/www.google.com\/analytics\/terms\/\">www.google.com\/analytics\/terms\/<\/a>\nN\u00e4here Informationen zum Datenschutz: <a href=\"http:\/\/www.google.com\/intl\/de\/analytics\/privacyoverview.html\">www.google.com\/intl\/de\/analytics\/privacyoverview.html<\/a>\n<\/section>\n<\/div><!-- .vgblk-rw-wrapper -->","protected":false},"excerpt":{"rendered":"<p>Datenschutz Datenschutz Hier finden Sie Informationen \u00fcber den Umgang mit Ihren personenbezogenen Daten beim Besuch unserer Website. Zur Bereitstellung der Funktionen und Dienste unserer Website ist es erforderlich, dass wir personenbezogene Daten \u00fcber Sie erheben. Nachfolgend erkl\u00e4ren wir, welche Daten wir \u00fcber Sie erheben, wozu dies erforderlich ist, und welche Rechte Sie in Bezug auf&#8230;<\/p>\n","protected":false},"author":1,"featured_media":0,"parent":0,"menu_order":0,"comment_status":"closed","ping_status":"closed","template":"","meta":{"footnotes":""},"jetpack_sharing_enabled":true,"_links":{"self":[{"href":"http:\/\/arminloeblein.de\/index.php?rest_route=\/wp\/v2\/pages\/16916"}],"collection":[{"href":"http:\/\/arminloeblein.de\/index.php?rest_route=\/wp\/v2\/pages"}],"about":[{"href":"http:\/\/arminloeblein.de\/index.php?rest_route=\/wp\/v2\/types\/page"}],"author":[{"embeddable":true,"href":"http:\/\/arminloeblein.de\/index.php?rest_route=\/wp\/v2\/users\/1"}],"replies":[{"embeddable":true,"href":"http:\/\/arminloeblein.de\/index.php?rest_route=%2Fwp%2Fv2%2Fcomments&post=16916"}],"version-history":[{"count":2,"href":"http:\/\/arminloeblein.de\/index.php?rest_route=\/wp\/v2\/pages\/16916\/revisions"}],"predecessor-version":[{"id":16918,"href":"http:\/\/arminloeblein.de\/index.php?rest_route=\/wp\/v2\/pages\/16916\/revisions\/16918"}],"wp:attachment":[{"href":"http:\/\/arminloeblein.de\/index.php?rest_route=%2Fwp%2Fv2%2Fmedia&parent=16916"}],"curies":[{"name":"wp","href":"https:\/\/api.w.org\/{rel}","templated":true}]}}